rue
Let j = -106 - -525. Is j a composite number?
False
Suppose 11*r + 55 = -110. Let x(a) = 6*a**2 + 15*a - 52. Is x(r) prime?
False
Suppose 3*v = 7*u - 9*u + 8341, -u = 5*v - 13890. Is v prime?
True
Suppose 4*o - 23041 = 3*b, 43*o + b = 38*o + 28806. Is o composite?
True
Let g(u) = -u**3 + 8*u**2 + 2*u + 7. Let o(k) = -k + 11. Let h = 9 + -4. Let s be o(h). Is g(s) a composite number?
True
Let p = 26244 - 9127. Is p composite?
False
Let d(o) = o**3 - 2*o**2 - o - 4. Let c be d(3). Suppose 18 = -5*r - g, 12 = -r + 6*g - c*g. Is (r + 5 - -2)*29 prime?
False
Let r(x) = 1095*x - 14. Let l be r(-10). Is (l/(-10) - -1) + 54/(-135) a composite number?
False
Let r be (-1)/(-7) - (-6)/7. Is (250 - (-4)/4)/r a prime number?
True
Suppose 0 = 4*g - 2*n, -g - 5*n = -6*g - 10. Suppose -g = -2*a, -4*a = -2*h - h + 2255. Is h a prime number?
False
Let h(w) = 318*w + 41. Is h(9) a prime number?
True
Let q(t) be the first derivative of 55*t**3 + 3*t**2/2 - t + 10. Is q(-5) prime?
False
Let f be (-27)/36*(-48)/9. Let x(a) = 57*a + 10. Let d(v) = -28*v - 5. Let q(i) = -5*d(i) - 2*x(i). Is q(f) prime?
True
Suppose 5*b = -p - 532, -2*p = p - b + 1660. Let v = -190 - -117. Let l = v - p. Is l composite?
False
Is 6/120*5*1724 a composite number?
False
Let c(n) = n**2 + 6*n + 5. Let g be c(-5). Suppose 2*d - 73 = x, 2*x - 4 + 2 = g. Let t = d - -22. Is t composite?
False
Suppose -2*b + 1679 = 3*u, 4*u + 5*b - 2765 = -517. Is u a prime number?
True
Let r(m) = -27*m + 4. Let l be r(5). Let x = 143 - l. Is x a prime number?
False
Is (6387/6)/(1/2) composite?
False
Let o(m) = -6*m**3 + 15*m**2 + 47*m - 59. Is o(-21) a composite number?
True
Let c = 5285 + 2712. Is c prime?
False
Let j(d) = 103*d + 5. Let n(h) = 413*h + 19. Let u(g) = -9*j(g) + 2*n(g). Suppose -14 = 5*s + 3*w, 2*s - 3*w + 20 = 6. Is u(s) a composite number?
False
Let j = 111 + -72. Suppose j = u - 36. Let a = u + -4. Is a composite?
False
Is ((-1)/(-3))/((-11)/(-71907)) composite?
False
Let l = 96 - 216. Let j = -53 - l. Is j a composite number?
False
Let v(o) = -o**2 - 50*o - 162. Is v(-31) a prime number?
False
Let b(h) = 219*h + 6. Let a be b(21). Suppose 0 = -11*y + 8*y + a. Is y composite?
True
Let k = 14288 + -20156. Let q = k - -10309. Is q composite?
False
Is ((-3)/(-3))/((-1)/(-123)) composite?
True
Let c be (-6 - -4)/((-4)/(-58)). Let b = c + 36. Is b a prime number?
True
Let w(y) = -4*y - 22. Let o be w(-6). Suppose 2*s + 0*s - 46 = o*v, 131 = -5*v + s. Let g = 34 + v. Is g a composite number?
False
Suppose 0 = 8*c + 14*c - 68706. Is c/(-12)*(-6 - -2) prime?
False
Is (5 - 4)*(-7 + 0 - -1274) a composite number?
True
Let w = -859 - -1280. Suppose -6*y = -y - 1110. Let u = w - y. Is u prime?
True
Suppose -2*v + 4 = u, -3*u + 4*v = -0*v + 8. Suppose u*l = -l - 1. Is l - (2 + (2 - 208)) a composite number?
True
Let z(g) = -3*g**2 + 17*g + 6. Let b be z(6). Suppose b = v - 0*v - c - 157, 3*v = -4*c + 499. Is v a composite number?
True
Let o(v) = v**2 - 6*v - 12. Let h be ((-36)/8)/(1/(-2)). Let w be o(h). Is 4*(-2 - w/(-4)) a composite number?
False
Suppose 0 = -20*q + 148124 + 124856. Is q a composite number?
False
Is 1/(-2) + 4/(24/27249) prime?
False
Suppose 15 = 4*n + n, 1849 = 2*m + 5*n. Is m prime?
False
Let y(d) = 6*d**2 - 33 + 14 + 14 - 4*d**2 + 3*d + 17*d**3. Is y(2) a composite number?
True
Let c(s) = -s**2 + 18*s - 17. Let u be c(17). Let f(x) = 2*x**3 - 2*x**2 - x + 163. Is f(u) a prime number?
True
Let u be 3/((2 - -1)/3). Suppose a + 0*b = -2*b + 13, u*a = -5*b + 34. Suppose -4*i + 336 = 5*h, 5*i - h + a*h = 403. Is i a composite number?
False
Suppose 5*j = 3*r + 2184, 446 = j - r + 5*r. Let w = j - 19. Is w a prime number?
True
Let d(g) = g**3 + 11*g**2 + 9*g - 6. Let a be d(-10). Let h = a + -4. Suppose -5*j + 5*v + 270 = h, -2*v = -2*j + v + 107. Is j prime?
False
Let h be (-3 - -3)/(3 + -4). Suppose h*o - 4*o = -9332. Is o composite?
False
Let p be (9/27)/((-2)/(-12)). Suppose -f = -0 - p. Is 1422/(-12)*f/(-3) composite?
False
Let c(x) = 8*x**2 + 14*x - 7. Is c(-18) a prime number?
True
Suppose 0 = 96*s - 103*s + 311269. Is s composite?
True
Let c(k) = k**3 + k**2 + k + 17. Let y be c(0). Is (-6)/51 + 3113/y a prime number?
False
Let u = 13348 - 6543. Is u a prime number?
False
Let w = 2245 - 1438. Is w prime?
False
Suppose 5*z - 40 = 6*w - 2*w, -2 = -3*z - 2*w. Suppose o = h + 47, -z*h + 9*h = 0. Is o a prime number?
True
Suppose -2*g + c + 54 + 0 = 0, 0 = 4*g + 4*c - 108. Let z = -21 + g. Suppose -5*n = -z*n + 85. Is n a prime number?
False
Is 1/(4/(-8)) + 4723 prime?
True
Let l = 9047 + -6088. Is l a composite number?
True
Let s be 4/(-8)*-12 + -3. Suppose -s*q = -6*q + 165. Is q composite?
True
Let c(u) = u**2 - 4*u + 3. Let x be c(2). Is 569 - 1 - 3/x prime?
True
Let r(s) = 6*s. Suppose -3*u + 2 = f - 6, -4*f + u = 7. Let j be r(f). Let x = 197 - j. Is x a prime number?
False
Suppose -9*u + 2768 = -5*u + 4*l, 0 = -5*u + 2*l + 3495. Is u a prime number?
False
Let k be (1 + 3)*(2 - 0)/4. Is k/((-8)/6)*2274/(-9) a prime number?
True
Suppose -5*i = -4*i - 358. Suppose -29*r = -27*r - 1030. Let w = r - i. Is w a composite number?
False
Let y(i) = -4*i - 12. Let b be y(-4). Is (-298)/b*(-12 + 10) composite?
False
Suppose 5 = t - 2*p, t + 4*p = p - 10. Let l(w) = -882*w**2 - w. Let s(x) = -2648*x**2 - 3*x. Let y(c) = 17*l(c) - 6*s(c). Is y(t) a prime number?
False
Let s = 23 - 20. Is (s - 5)/(6/(-165)) prime?
False
Suppose 0 = 2*n + 3*a - 4384, -a + 401 = -n + 2588. Is n a prime number?
False
Let d = -3 - -2. Let u(l) be the second derivative of -3*l**5/20 + l**4/6 + l**3/6 - 83*l. Is u(d) a composite number?
True
Let m = -50 + 53. Suppose m*n - 354 = -123. Is n a prime number?
False
Let f(s) = s**3 + s**2 + 4*s - 2*s**3 - 3*s - 45 + 256. Let y = -20 + 20. Is f(y) a composite number?
False
Suppose 5*s - 4*p = -208 + 46, s - 5*p = -45. Let j = s + 34. Let r(z) = 20*z - 9. Is r(j) a composite number?
False
Suppose 4*t - 50 = 2*t. Suppose h + 4*i = 21, -i = h + 4*i - t. Suppose -7*m - 1195 = -5*q - 2*m, -h*q = 2*m - 1167. Is q composite?
True
Suppose 0*r - 5966 = 2*r. Let i = r + 5304. Is i prime?
False
Suppose 4*d = 3*h + 231 + 226, 2*d - 4*h = 226. Is d a composite number?
True
Suppose -c + 4 = 0, -c + 4952 = 4*w + 240. Let f = w + 169. Is f a prime number?
False
Let c(s) = 2430*s**2 - 2*s + 3. Is c(2) prime?
True
Suppose -j + 290 = -3*d, -j - 5*d - 35 = -333. Let w = j + 174. Suppose -w = -5*a + 278. Is a a prime number?
True
Suppose 0 = -2*q + 29 - 319. Let h = 97 + 137. Let m = q + h. Is m a prime number?
True
Let t(y) = -4*y**3 - 8*y**2 + 2*y - 1. Let p be t(-8). Let a = p - 1029. Let w = a - 305. Is w prime?
False
Is (1/(-7) - (-26)/(-14)) + 5641 a composite number?
False
Suppose 7178*x - 7182*x = -333844. Is x composite?
True
Suppose -49*q = -44*q - 90. Suppose 142 + 246 = 4*r. Let u = r - q. Is u a composite number?
False
Suppose 42*y = 4398774 - 898536. Is y composite?
False
Suppose -b = t - 16839, 0 = 198*t - 193*t + 2*b - 84207. Is t prime?
True
Let n be ((-1)/(-2))/(3/54 - 0). Suppose 152 = j + n. Is j prime?
False
Is -1338*(-1)/12*10 a composite number?
True
Let d be (-30)/(2/(-50)*(3 + -1)). Suppose 0 = -5*u + 4*b + 2400 - d, -b + 5 = 0. Is u a prime number?
True
Let a(s) = s + 13. Let i be a(-7). Suppose 0 = -i*y - 34 - 14. Is (126/y - 4)*-4 composite?
False
Let r(k) = 5234*k**2 - 4*k + 4. Is r(1) a prime number?
False
Let o = 10580 + 71259. Is o a prime number?
True
Suppose 5*u - b + 30 = 2*b, 0 = -2*u - 5*b - 12. Let h(s) = -264*s**2 + 3*s - 6. Let l be h(u). Is l/(-60) + (-1)/(-5) a composite number?
True
Let f = 15567 - -17582. Is f prime?
True
Let b = 48 - -58. Let d = b + -72. Let n = -15 + d. Is n prime?
True
Let q(m) be the second derivative of m**7/210 + m**6/120 - m**5/120 - m**4/3 + 5*m. Let o(k) be the third derivative of q(k). Is o(4) a composite number?
True
Let r be (2/(-2) - -4) + 1. Suppose -3*u = u + r*j - 68, j - 77 = -5*u. Is (-20)/u*(-78)/4 prime?
False
Suppose -10*l - 73451 = -17*l. Is l a prime number?
False
Suppose -4*c + 20 = 0, -2*c - 3193 = 5*u - 65158. Is u composite?
False
Let n(f) = -f**2 + 11*f + 22. Let x be n(10). Let b = -31 + x. Is (1276/(-2))/(-3 + b) composite?
True
Suppose 44 = 3*c + c. Suppose u - c = -5*m + 25, 0 = 2*m - 4*u 